, -5*y = x - 10. Suppose 35 = 5*f + 2*v, 6*v - y*v = 0. What is the highest common factor of f and 217?
7
Let y = 33 + -36. Let i be (-2)/2 + (y - -8). What is the highest common factor of i and 28?
4
Let y = -18 - -37. Let k = y + -13. Suppose -65 = -k*g + g. What is the highest common divisor of 143 and g?
13
Suppose -28 = -2*q + 8. Let s(p) = -13*p + 2. Let f be s(0). What is the highest common divisor of q and f?
2
Suppose -3*m = g - 12 - 13, g = -2*m + 24. Suppose 10 = 24*f - g*f. What is the highest common divisor of 40 and f?
5
Suppose c - 16 = 6. Let a(s) = 10 + 4*s - 14 - 6*s**2 + s**3 - 3*s. Let h be a(6). What is the greatest common divisor of c and h?
2
Let o = -5 + 0. Let n be (-14)/(-4) + o/(-10). Suppose -338 = -3*q + k, n*q - 3*q - 3*k = 118. What is the highest common divisor of q and 14?
14
Suppose -326 = -3*g + 2*u, 200 + 234 = 4*g - 3*u. Suppose -2*c = 5*l - 174, 3*l - g = 5*c + 13. Let n = -45 + 69. What is the highest common factor of l and n?
12
Suppose 4777 = 13*i - 2516. Calculate the highest common divisor of 6 and i.
3
Suppose -14 = g + 4*m, 5*g + 198 = 5*m + 3. Let c = -20 - g. Let r = 4 - 2. Calculate the greatest common factor of c and r.
2
Let j(c) = -41*c + 482. Let p be j(10). What is the greatest common factor of p and 1656?
72
Let c be (-1)/((-1)/8) - (77 - 76). What is the greatest common factor of c and 350?
7
Let g(p) = p**2 + 6*p + 10. Let m be g(-5). Suppose -3*t + 407 = 5*x - 107, -3*x - m*t + 302 = 0. Calculate the highest common factor of x and 13.
13
Suppose 0 = 7*x - 2*x - 2*u - 27, 5*x - 24 = -u. Suppose 79 = 4*f - 3*q, 3*f + q - x*q - 68 = 0. Calculate the highest common factor of 40 and f.
8
Let f = 6 + 6. Suppose -5*b + 3*j + 105 = 0, j + f - 97 = -5*b. What is the highest common divisor of 126 and b?
18
Let d(c) = c**3 + 15*c**2 + 7*c + 3. Let r be d(-6). What is the highest common divisor of r and 114?
57
Let w = -425 + 430. What is the highest common divisor of w and 85?
5
Let l be (3/9 - 1)/(2/(-135)). Let z = l - 25. Suppose -4*x + 299 + 21 = 0. What is the highest common factor of z and x?
20
Let u be (((-28)/12)/(-7))/(2/30). Suppose u*i = 8*i - 72. What is the highest common factor of i and 36?
12
Let a = 441 - 425. Let d be (-2)/(-5) - 27/5. Let u be 48/d*15/(-3). What is the highest common factor of u and a?
16
Let v(d) = -4 + 6 - d + 1 + 3. Let w be v(5). Suppose -4*o = 2*a - 36, -a = -5*o - 3*a + 45. What is the greatest common factor of o and w?
1
Let x be 1 + 0 + (16 - 1). Suppose 1 = 5*q - 24. Let g be (-7 - (-29)/q)*20/(-3). What is the greatest common factor of x and g?
8
Let t be (-2*9)/((-1)/5). Suppose 0*p + 24 = 4*p + 4*h, -p + 3*h = -6. Suppose -44 = -5*u + p. What is the highest common divisor of t and u?
10
Let x = 7 + -1. Let g be (-2 + 36/(-16))*x*-2. Calculate the greatest common factor of 17 and g.
17
Suppose -15*k + 3232 + 2753 = 0. Calculate the greatest common divisor of 21 and k.
21
Let a(k) = -k**3 + k**2 + 12. Let b be 1 - 1*(0 + -5). Let j = 6 - b. Let n be a(j). Calculate the highest common factor of 6 and n.
6
Let m be (-2)/(-14) + (-195)/(-7). Suppose -2*w + 1 = 11. Let z = w - -9. Calculate the highest common divisor of z and m.
4
Let l = -2181 + 2406. What is the highest common divisor of 825 and l?
75
Let d = -265 + 334. Calculate the greatest common divisor of d and 276.
69
Let j = -29 + 30. Suppose -5*r - 1 = 2*f + 2, -f + 2*r + 3 = 0. What is the highest common factor of j and f?
1
Suppose -6*i + 5*i = 0. Suppose i*f - 2*f = 122. Let r = 14 - f. Calculate the highest common factor of 15 and r.
15
Let a = 1 + -9. Let d(k) = 33*k**2 + 7 + 7*k - 17*k**2 - 15*k**2. Let r be d(a). Calculate the greatest common divisor of 30 and r.
15
Let z(v) = 31*v - 10. Suppose -3*u = -0*u - 15. Let b be z(u). What is the highest common divisor of b and 58?
29
Suppose -42 + 28 = -7*i. What is the greatest common divisor of 2 and i?
2
Let j(i) = -120*i. Let u be j(-1). Suppose -20*p + 30*p = 80. What is the greatest common divisor of u and p?
8
Let j be (4410/60)/(6/8). Let k(u) = -u**3 + 7*u**2 - 6*u - 6. Let g be k(5). What is the highest common factor of g and j?
14
Let s(k) = 30*k - 288. Let u be s(24). Calculate the highest common factor of u and 16.
16
Suppose -3*k - 5*u - 418 = -3*u, 2*u + 146 = -k. Let t = k + 200. What is the highest common divisor of t and 8?
8
Let h be (14906/(-7))/(-2) - 2/(-7). Suppose -10*b + h = 315. Calculate the highest common factor of b and 30.
15
Suppose 48 = -5*i + 63. What is the highest common divisor of 11 and i?
1
Let v = 562 + -548. What is the highest common factor of 315 and v?
7
Suppose -295 + 75 = -55*f. Calculate the highest common divisor of 74 and f.
2
Let t be 130/(-39)*(-8 - (-3 + 1)). Calculate the highest common factor of t and 8.
4
Suppose 0 = -9*y + 4*y - 20. Let u be (y/(-6))/(2/3). Let k be (-2)/4*u*-108. Calculate the highest common divisor of k and 18.
18
Let g be 9/(-21) + 104/14. Let s(p) = p**2 - 8*p + 15. Let q be s(g). What is the greatest common factor of 48 and q?
8
Suppose -5*z + 310 = 5*w, -z + 4*w = z - 100. Let i be (-262)/(-4) - 12/8. Let l = 151 - i. Calculate the highest common divisor of l and z.
29
Suppose 2*w - 3*w = -4. Let h = w - 3. Let p(i) = 15*i**3 + i**2 - 2*i + 1. Let z be p(h). What is the greatest common factor of 15 and z?
15
Let r = -45 + 70. Let u be -4*1/2 + 227. Calculate the highest common factor of u and r.
25
Suppose 30*i = 59 + 121. Let x(g) = -6*g. Let v be x(-3). Calculate the highest common factor of i and v.
6
Let y(q) = q**2 - 3*q + 12. Let i be y(7). Calculate the greatest common divisor of 760 and i.
40
Let n(q) = 84*q + 446. Let o be n(-5). Calculate the greatest common factor of o and 1586.
26
Let x(b) = -b**3 + 3*b**2 + 16*b + 3. Let s be x(5). Let y be (-1 + -10)*(-1 - 26). Calculate the highest common factor of s and y.
33
Let o be (-4 - -1)/((-1)/1). Let c be (-17)/(3 + -4) - o. What is the greatest common factor of 154 and c?
14
Suppose 0 = 4*o - 16, 0 = 5*f - 31*o + 36*o - 170. What is the greatest common factor of 126 and f?
6
Let t = -3 + 21. Let n be (-542)/(-9) - 4/t. Suppose j + 64 = 3*a, -a + j - 36 = -3*a. What is the greatest common divisor of n and a?
20
Let i(x) = -x**3 + 6*x**2 - 3*x - 4. Let z be i(4). Let a(f) = -f**3 + 66*f**2 + 210*f - 203. Let q be a(69). What is the greatest common factor of q and z?
4
Let n = 291 - 41. What is the highest common divisor of 30 and n?
10
Suppose -52*f + 16*f = -8856. What is the highest common divisor of f and 6?
6
Let b be ((-35)/28)/(1/(-28)). Calculate the highest common factor of b and 35.
35
Suppose -137 + 323 = 2*x. Calculate the greatest common factor of x and 31.
31
Suppose 5*y = 3 + 7. Suppose d = y*d - 4*i + 21, d - 5*i = -26. Let c be d + 5 + -1 + 9. Calculate the greatest common factor of c and 4.
4
Let h(u) = u - 16. Let y be h(15). Let j be y/((-809)/(-270) + (-6)/2). What is the highest common factor of j and 30?
30
Suppose 0*m + 80 = 5*m. Suppose -4*j = 3*z + 14, 2*z - 3*j = 3 + m. Calculate the greatest common divisor of z and 10.
2
Suppose -5*i - 9 = -34, 139 = 4*r - i. What is the highest common divisor of r and 8?
4
Let g(r) = -3*r**2 - 192*r + 93. Let b be g(-64). Calculate the greatest common divisor of 30 and b.
3
Let d be 8 + (-1 - 12/(-4)). What is the highest common divisor of 4 and d?
2
Let h(d) = d**2 + 13*d + 2. Suppose f = 3*f - 60. Let j = f - 43. Let a be h(j). Calculate the greatest common factor of 2 and a.
2
Let l = -47 + 42. Let q be (-120)/(-24)*(-189)/l. What is the highest common factor of q and 27?
27
Suppose 92 = 4*j - 3*o - 91, 5*j - 2*o - 234 = 0. Calculate the greatest common divisor of j and 6.
6
Let t = -18 + 12. Let s(u) = -30*u - 4. Let b be s(t). Suppose -7*k - 56 = -168. What is the highest common divisor of b and k?
16
Let o = 514 + -198. Calculate the greatest common divisor of 237 and o.
79
Let k(t) = 5*t**3 + 8*t + 1. Let g(b) = -b**3 + b**2 - b. Let l(f) = -4*g(f) - k(f). Let y be l(-5). What is the greatest common divisor of y and 11?
11
Let y(n) = -3*n**3 - 31*n**2 - 13*n - 22. Let z be y(-10). What is the greatest common divisor of z and 4?
4
Suppose -2*k - 179 = 4*r - 27, 56 = -r - 5*k. Let c = 45 + r. What is the highest common factor of c and 36?
9
S